{"id":131,"date":"2021-11-02T16:27:43","date_gmt":"2021-11-02T16:27:43","guid":{"rendered":"http:\/\/diebewegung.org\/?page_id=131"},"modified":"2022-06-10T12:42:24","modified_gmt":"2022-06-10T12:42:24","slug":"debut","status":"publish","type":"page","link":"https:\/\/diebewegung.org\/index.php\/fr\/debut\/","title":{"rendered":"D\u00c9BUT"},"content":{"rendered":"\t\t<div data-elementor-type=\"wp-page\" data-elementor-id=\"131\" class=\"elementor elementor-131\">\n\t\t\t\t\t\t<section class=\"elementor-section elementor-top-section elementor-element elementor-element-f83d6de elementor-section-boxed elementor-section-height-default elementor-section-height-default\" data-id=\"f83d6de\" data-element_type=\"section\" data-e-type=\"section\">\n\t\t\t\t\t\t<div class=\"elementor-container elementor-column-gap-default\">\n\t\t\t\t\t<div class=\"elementor-column elementor-col-66 elementor-top-column elementor-element elementor-element-e74fcfc\" data-id=\"e74fcfc\" data-element_type=\"column\" data-e-type=\"column\">\n\t\t\t<div class=\"elementor-widget-wrap elementor-element-populated\">\n\t\t\t\t\t\t<div class=\"elementor-element elementor-element-f4c9bcd elementor-widget elementor-widget-text-editor\" data-id=\"f4c9bcd\" data-element_type=\"widget\" data-e-type=\"widget\" data-widget_type=\"text-editor.default\">\n\t\t\t\t<div class=\"elementor-widget-container\">\n\t\t\t\t\t\t\t\t\t<p>La bo\u00eete de Pandore est ouverte\u00a0: avec l\u2019extension du certificat Covid, nous nous rapprochons dangereusement d\u2019un contr\u00f4le global de chaque individu.<span class=\"Apple-converted-space\">\u00a0<\/span><\/p><p>Implacablement, ce que nous redoutions se met en place. \u00ab\u00a0L\u2019\u0153il de Moscou\u00a0\u00bb se d\u00e9mocratise\u00a0: certains pays installent d\u00e9j\u00e0 les premiers scanners automatiques dans les espaces publics.<span class=\"Apple-converted-space\">\u00a0<\/span><\/p><p>Heureusement, la Suisse ne leur a pas encore embo\u00eet\u00e9 le pas \u2013 pourvu que cela dure !<span class=\"Apple-converted-space\">\u00a0<\/span><\/p><p>Jusqu\u2019\u00e0 pr\u00e9sent, notre syst\u00e8me politique nous en a pr\u00e9serv\u00e9\u00a0: chez nous, le peuple a le dernier mot. Mais encore faut-il que le jugement dudit peuple soit \u00e9clair\u00e9.<span class=\"Apple-converted-space\">\u00a0<\/span><\/p><p>Le 28 novembre prochain, nous pourrons dire NON. Non \u00e0 la surveillance totale de l&#8217;\u00eatre humain. Non au \u00ab\u00a0flicage\u00a0\u00bb l\u00e9galis\u00e9 de notre soci\u00e9t\u00e9. Ne laissons pas passer cette chance, que d\u2019autres n\u2019ont pas, de pouvoir d\u00e9fendre nos libert\u00e9s.<\/p>\t\t\t\t\t\t\t\t<\/div>\n\t\t\t\t<\/div>\n\t\t\t\t\t<\/div>\n\t\t<\/div>\n\t\t\t\t<div class=\"elementor-column elementor-col-33 elementor-top-column elementor-element elementor-element-f447e24\" data-id=\"f447e24\" data-element_type=\"column\" data-e-type=\"column\">\n\t\t\t<div class=\"elementor-widget-wrap elementor-element-populated\">\n\t\t\t\t\t\t<div class=\"elementor-element elementor-element-14a8818 elementor-invisible elementor-widget elementor-widget-image\" data-id=\"14a8818\" data-element_type=\"widget\" data-e-type=\"widget\" data-settings=\"{&quot;_animation&quot;:&quot;fadeInRight&quot;}\" data-widget_type=\"image.default\">\n\t\t\t\t<div class=\"elementor-widget-container\">\n\t\t\t\t\t\t\t\t\t\t\t\t\t\t\t<img fetchpriority=\"high\" decoding=\"async\" width=\"1024\" height=\"1024\" src=\"https:\/\/diebewegung.org\/wp-content\/uploads\/2021\/11\/introt-1024x1024.png\" class=\"attachment-large size-large wp-image-47\" alt=\"\" srcset=\"https:\/\/diebewegung.org\/wp-content\/uploads\/2021\/11\/introt-1024x1024.png 1024w, https:\/\/diebewegung.org\/wp-content\/uploads\/2021\/11\/introt-300x300.png 300w, https:\/\/diebewegung.org\/wp-content\/uploads\/2021\/11\/introt-150x150.png 150w, https:\/\/diebewegung.org\/wp-content\/uploads\/2021\/11\/introt-768x768.png 768w, https:\/\/diebewegung.org\/wp-content\/uploads\/2021\/11\/introt.png 1500w\" sizes=\"(max-width: 1024px) 100vw, 1024px\" \/>\t\t\t\t\t\t\t\t\t\t\t\t\t\t\t<\/div>\n\t\t\t\t<\/div>\n\t\t\t\t\t<\/div>\n\t\t<\/div>\n\t\t\t\t\t<\/div>\n\t\t<\/section>\n\t\t\t\t<\/div>\n\t\t","protected":false},"excerpt":{"rendered":"<p>La bo\u00eete de Pandore est ouverte\u00a0: avec l\u2019extension du certificat Covid, nous nous rapprochons dangereusement d\u2019un contr\u00f4le global de chaque individu. Implacablement, ce que nous redoutions se met en place. \u00ab\u00a0L\u2019\u0153il de Moscou\u00a0\u00bb se d\u00e9mocratise\u00a0: certains pays installent d\u00e9j\u00e0 les premiers scanners automatiques dans les espaces publics. Heureusement, la Suisse ne leur a pas encore&hellip;&nbsp;<a href=\"https:\/\/diebewegung.org\/index.php\/fr\/debut\/\" rel=\"bookmark\">Leer m\u00e1s &raquo;<span class=\"screen-reader-text\">D\u00c9BUT<\/span><\/a><\/p>\n","protected":false},"author":1,"featured_media":0,"parent":0,"menu_order":0,"comment_status":"closed","ping_status":"closed","template":"","meta":{"_monsterinsights_skip_tracking":false,"_monsterinsights_sitenote_active":false,"_monsterinsights_sitenote_note":"","_monsterinsights_sitenote_category":0,"neve_meta_sidebar":"","neve_meta_container":"","neve_meta_enable_content_width":"on","neve_meta_content_width":100,"neve_meta_title_alignment":"","neve_meta_author_avatar":"","neve_post_elements_order":"","neve_meta_disable_header":"","neve_meta_disable_footer":"","neve_meta_disable_title":"","footnotes":""},"class_list":["post-131","page","type-page","status-publish","hentry"],"_links":{"self":[{"href":"https:\/\/diebewegung.org\/index.php\/wp-json\/wp\/v2\/pages\/131","targetHints":{"allow":["GET"]}}],"collection":[{"href":"https:\/\/diebewegung.org\/index.php\/wp-json\/wp\/v2\/pages"}],"about":[{"href":"https:\/\/diebewegung.org\/index.php\/wp-json\/wp\/v2\/types\/page"}],"author":[{"embeddable":true,"href":"https:\/\/diebewegung.org\/index.php\/wp-json\/wp\/v2\/users\/1"}],"replies":[{"embeddable":true,"href":"https:\/\/diebewegung.org\/index.php\/wp-json\/wp\/v2\/comments?post=131"}],"version-history":[{"count":27,"href":"https:\/\/diebewegung.org\/index.php\/wp-json\/wp\/v2\/pages\/131\/revisions"}],"predecessor-version":[{"id":277,"href":"https:\/\/diebewegung.org\/index.php\/wp-json\/wp\/v2\/pages\/131\/revisions\/277"}],"wp:attachment":[{"href":"https:\/\/diebewegung.org\/index.php\/wp-json\/wp\/v2\/media?parent=131"}],"curies":[{"name":"wp","href":"https:\/\/api.w.org\/{rel}","templated":true}]}}