{"id":122,"date":"2021-11-02T16:25:22","date_gmt":"2021-11-02T16:25:22","guid":{"rendered":"http:\/\/diebewegung.org\/?page_id=122"},"modified":"2022-06-10T12:41:52","modified_gmt":"2022-06-10T12:41:52","slug":"arguments","status":"publish","type":"page","link":"https:\/\/diebewegung.org\/index.php\/fr\/arguments\/","title":{"rendered":"ARGUMENTS"},"content":{"rendered":"\t\t<div data-elementor-type=\"wp-page\" data-elementor-id=\"122\" class=\"elementor elementor-122\">\n\t\t\t\t\t\t<section class=\"elementor-section elementor-top-section elementor-element elementor-element-59aa9e6 elementor-section-boxed elementor-section-height-default elementor-section-height-default\" data-id=\"59aa9e6\" data-element_type=\"section\" data-e-type=\"section\">\n\t\t\t\t\t\t<div class=\"elementor-container elementor-column-gap-default\">\n\t\t\t\t\t<div class=\"elementor-column elementor-col-50 elementor-top-column elementor-element elementor-element-dc3f40b\" data-id=\"dc3f40b\" data-element_type=\"column\" data-e-type=\"column\">\n\t\t\t<div class=\"elementor-widget-wrap elementor-element-populated\">\n\t\t\t\t\t\t<div class=\"elementor-element elementor-element-7fe6e8c elementor-invisible elementor-widget elementor-widget-image\" data-id=\"7fe6e8c\" data-element_type=\"widget\" data-e-type=\"widget\" data-settings=\"{&quot;_animation&quot;:&quot;fadeInLeft&quot;}\" data-widget_type=\"image.default\">\n\t\t\t\t<div class=\"elementor-widget-container\">\n\t\t\t\t\t\t\t\t\t\t\t\t\t\t\t<img fetchpriority=\"high\" decoding=\"async\" width=\"1024\" height=\"1024\" src=\"https:\/\/diebewegung.org\/wp-content\/uploads\/2021\/11\/argumente-1024x1024.png\" class=\"attachment-large size-large wp-image-46\" alt=\"\" srcset=\"https:\/\/diebewegung.org\/wp-content\/uploads\/2021\/11\/argumente-1024x1024.png 1024w, https:\/\/diebewegung.org\/wp-content\/uploads\/2021\/11\/argumente-300x300.png 300w, https:\/\/diebewegung.org\/wp-content\/uploads\/2021\/11\/argumente-150x150.png 150w, https:\/\/diebewegung.org\/wp-content\/uploads\/2021\/11\/argumente-768x768.png 768w, https:\/\/diebewegung.org\/wp-content\/uploads\/2021\/11\/argumente-1536x1536.png 1536w, https:\/\/diebewegung.org\/wp-content\/uploads\/2021\/11\/argumente.png 2000w\" sizes=\"(max-width: 1024px) 100vw, 1024px\" \/>\t\t\t\t\t\t\t\t\t\t\t\t\t\t\t<\/div>\n\t\t\t\t<\/div>\n\t\t\t\t\t<\/div>\n\t\t<\/div>\n\t\t\t\t<div class=\"elementor-column elementor-col-50 elementor-top-column elementor-element elementor-element-11e7252\" data-id=\"11e7252\" data-element_type=\"column\" data-e-type=\"column\">\n\t\t\t<div class=\"elementor-widget-wrap elementor-element-populated\">\n\t\t\t\t\t\t<div class=\"elementor-element elementor-element-716bc31 elementor-widget elementor-widget-text-editor\" data-id=\"716bc31\" data-element_type=\"widget\" data-e-type=\"widget\" data-widget_type=\"text-editor.default\">\n\t\t\t\t<div class=\"elementor-widget-container\">\n\t\t\t\t\t\t\t\t\t<p>Ne vous m\u00e9prenez pas: le certificat Covid est la premi\u00e8re \u00e9tape vers une identit\u00e9 num\u00e9rique compl\u00e8te, qui rendra possible le suivi et le contr\u00f4le des personnes \u00e0 pratiquement tous les niveaux. Le tout, sous couvert de prophylaxie sanitaire. Qui oserait dire non, puisque \u00ab&nbsp;c\u2019est pour notre bien&nbsp;\u00bb&nbsp;?<\/p>\n<p>Pourtant il le faut. Car si nous ouvrons cette porte, la spirale infernale ne s&#8217;arr\u00eatera pas \u00e0 la sant\u00e9. Ne donnons pas les cl\u00e9s de notre vie priv\u00e9e&nbsp;! Ne renon\u00e7ons pas \u00e0 nos libert\u00e9s, si durement acquises et si pr\u00e9cieuses!<\/p>\t\t\t\t\t\t\t\t<\/div>\n\t\t\t\t<\/div>\n\t\t\t\t\t<\/div>\n\t\t<\/div>\n\t\t\t\t\t<\/div>\n\t\t<\/section>\n\t\t\t\t<\/div>\n\t\t","protected":false},"excerpt":{"rendered":"<p>Ne vous m\u00e9prenez pas: le certificat Covid est la premi\u00e8re \u00e9tape vers une identit\u00e9 num\u00e9rique compl\u00e8te, qui rendra possible le suivi et le contr\u00f4le des personnes \u00e0 pratiquement tous les niveaux. Le tout, sous couvert de prophylaxie sanitaire. Qui oserait dire non, puisque \u00ab\u00a0c\u2019est pour notre bien\u00a0\u00bb\u00a0? Pourtant il le faut. Car si nous ouvrons&hellip;&nbsp;<a href=\"https:\/\/diebewegung.org\/index.php\/fr\/arguments\/\" rel=\"bookmark\">Leer m\u00e1s &raquo;<span class=\"screen-reader-text\">ARGUMENTS<\/span><\/a><\/p>\n","protected":false},"author":1,"featured_media":0,"parent":0,"menu_order":0,"comment_status":"closed","ping_status":"closed","template":"","meta":{"_monsterinsights_skip_tracking":false,"_monsterinsights_sitenote_active":false,"_monsterinsights_sitenote_note":"","_monsterinsights_sitenote_category":0,"neve_meta_sidebar":"","neve_meta_container":"","neve_meta_enable_content_width":"on","neve_meta_content_width":100,"neve_meta_title_alignment":"","neve_meta_author_avatar":"","neve_post_elements_order":"","neve_meta_disable_header":"","neve_meta_disable_footer":"","neve_meta_disable_title":"","footnotes":""},"class_list":["post-122","page","type-page","status-publish","hentry"],"_links":{"self":[{"href":"https:\/\/diebewegung.org\/index.php\/wp-json\/wp\/v2\/pages\/122","targetHints":{"allow":["GET"]}}],"collection":[{"href":"https:\/\/diebewegung.org\/index.php\/wp-json\/wp\/v2\/pages"}],"about":[{"href":"https:\/\/diebewegung.org\/index.php\/wp-json\/wp\/v2\/types\/page"}],"author":[{"embeddable":true,"href":"https:\/\/diebewegung.org\/index.php\/wp-json\/wp\/v2\/users\/1"}],"replies":[{"embeddable":true,"href":"https:\/\/diebewegung.org\/index.php\/wp-json\/wp\/v2\/comments?post=122"}],"version-history":[{"count":9,"href":"https:\/\/diebewegung.org\/index.php\/wp-json\/wp\/v2\/pages\/122\/revisions"}],"predecessor-version":[{"id":275,"href":"https:\/\/diebewegung.org\/index.php\/wp-json\/wp\/v2\/pages\/122\/revisions\/275"}],"wp:attachment":[{"href":"https:\/\/diebewegung.org\/index.php\/wp-json\/wp\/v2\/media?parent=122"}],"curies":[{"name":"wp","href":"https:\/\/api.w.org\/{rel}","templated":true}]}}